et s(b) = -2*b**3 - b**2 - 3*b + 16. Calculate s(3).
-56
Let g(b) = 12*b + 1. Give g(3).
37
Let a(f) = f**2 + 14*f + 4. Give a(-15).
19
Let y(z) = -2*z + 34. Calculate y(19).
-4
Let o(r) = r**3 + 7*r**2 - 16*r - 113. What is o(-7)?
-1
Let m(c) = -c**3 + 5*c**2 + 4*c - 3. Calculate m(6).
-15
Let g(l) = -21*l - 29. Calculate g(2).
-71
Let f(z) = -z**2 + z + 4. Give f(0).
4
Let r(l) = l**3 - 29*l**2 - 63*l + 9. What is r(31)?
-22
Let r(q) = -q**2 - 8*q + 70. Calculate r(-14).
-14
Let j(n) = -5*n**2 + 29*n - 56. Give j(2).
-18
Let p(n) = 7*n + 150. What is p(-21)?
3
Let d(g) = g**2 - 35*g + 121. Calculate d(4).
-3
Let q(a) = -8*a - 79. Calculate q(-13).
25
Let n(l) = l - 16. Determine n(8).
-8
Let r(d) = d**2 - 5*d + 4. Determine r(1).
0
Let o(v) = -12*v - 67. What is o(-6)?
5
Let k(m) = -m**3 - 3*m**2 + 2*m + 4. What is k(-5)?
44
Let d(j) = j**3 - 10*j**2 + j - 11. Calculate d(10).
-1
Let o(n) = -31*n + 8. Determine o(-2).
70
Let a(f) = -f**2 + 26*f - 58. Determine a(24).
-10
Let y(p) = 4*p - 3. Calculate y(2).
5
Let j(b) = -6*b + 52. Determine j(8).
4
Let j(l) = -8*l. Give j(1).
-8
Let v(r) = 11*r - 5. What is v(1)?
6
Let b(r) = -r**3 + 4*r**2 + 3. Calculate b(3).
12
Let v(k) = 2*k + 17. Determine v(-13).
-9
Let w(n) = -6*n + 11. What is w(8)?
-37
Let a(b) = 16*b - 233. Determine a(15).
7
Let z(g) = g**2 + 12*g + 4. What is z(-5)?
-31
Let v(m) = -m**2 + 10*m + 5. What is v(12)?
-19
Let d(j) = -j**3 - 12*j**2 - 8*j + 36. What is d(-11)?
3
Let d(j) = -j**2 + 38*j - 192. What is d(6)?
0
Let z(o) = -o**3 - 4*o**2 - 3*o - 1. Calculate z(-3).
-1
Let p(g) = -3*g**2 + 4*g + 4. Give p(-2).
-16
Let y(h) = h**3 - 9*h**2 + 13*h + 14. Give y(7).
7
Let k(x) = x**3 + 27*x**2 - 30*x + 30. Calculate k(-28).
86
Let d(i) = 22*i**3 + 3*i**2 - 4*i + 2. Calculate d(1).
23
Let n(c) = -c**2 - 19*c - 9. Calculate n(-18).
9
Let l(h) = -6*h - 9. Give l(-8).
39
Let t(y) = 2*y**3 + 13*y**2 + 9*y - 3. Determine t(-6).
-21
Let p(i) = -16*i - 529. Give p(-33).
-1
Let j(r) = r**3 - 6*r**2 + 16*r - 28. Calculate j(4).
4
Let c(a) = 13*a. Determine c(-2).
-26
Let n(z) = -z**3 + 14*z**2 - 16*z + 8. Determine n(13).
-31
Let h(c) = c**3 + 5*c**2 - 5*c. Calculate h(-6).
-6
Let w(z) = -z**2 + 29*z + 29. Give w(30).
-1
Let p(b) = -b**3 + 17*b**2 - 5*b + 58. Determine p(17).
-27
Let z(a) = a**3 - 2*a**2 - 4*a + 7. Give z(5).
62
Let j(p) = -p**3 - 6*p**2 + 9*p + 3. Give j(-7).
-11
Let m(w) = -11*w + 2. Calculate m(-2).
24
Let x(z) = 5*z + 26. Give x(6).
56
Let k(l) = 2*l + 16. Give k(7).
30
Let g(k) = 14*k**3 + 1. What is g(-1)?
-13
Let b(y) = 45*y**2 + 8*y - 7. What is b(2)?
189
Let p(q) = 2*q - 39. Determine p(19).
-1
Let v(t) = -t**2 - 11*t - 16. What is v(-8)?
8
Let a(z) = z + 16. What is a(-13)?
3
Let f(l) = -3*l**2 - l + 1. What is f(1)?
-3
Let k(w) = w**3 + 12*w**2 + 8*w - 16. Give k(-11).
17
Let g(w) = 2*w. What is g(-6)?
-12
Let g(l) = 4*l**3 - 2*l**2 + 3*l - 1. Calculate g(2).
29
Let c(f) = -f - 21. Calculate c(-12).
-9
Let c(m) = -m**2 - 4*m + 6. Determine c(-6).
-6
Let k(h) = -14*h + 7. Give k(5).
-63
Let w(y) = -2*y + 3. What is w(2)?
-1
Let a(p) = 2*p**2 - 7*p - 11. What is a(4)?
-7
Let a(s) = s**3 - 11*s**2 + 10*s - 3. Determine a(10).
-3
Let q(u) = 8*u + 14. Determine q(0).
14
Let m(o) = 3*o**3 - 87*o**2 + 2*o - 31. What is m(29)?
27
Let l(d) = d**3 + 6*d**2 + 4*d - 5. Determine l(-6).
-29
Let h(w) = w**3 - 48*w**2 - 46*w - 152. Give h(49).
-5
Let d(u) = -2*u**2 + 19*u + 15. Give d(12).
-45
Let i(p) = -p**3 + 12*p**2 - 3*p + 28. Give i(12).
-8
Let o(w) = -5*w + 1. Determine o(-4).
21
Let q(b) = -b**3 + 6*b**2 - 8*b + 14. Give q(5).
-1
Let t(l) = l - 6. What is t(2)?
-4
Let g(m) = m**3 - m**2 - 4*m + 1. Determine g(3).
7
Let x(r) = r**2 + 5*r + 5. Give x(-4).
1
Let u(p) = p**3 + 7*p**2 + 12*p + 12. What is u(-4)?
12
Let a(t) = t**3 - 8*t**2 + 10*t + 16. Determine a(6).
4
Let c(u) = -u**2 - 2*u + 5. Calculate c(3).
-10
Let o(y) = 2*y - 2. What is o(16)?
30
Let y(g) = -2*g**2 + 29*g - 11. What is y(15)?
-26
Let g(w) = 37*w + 101. What is g(-4)?
-47
Let n(x) = -2*x**3 + 14*x**2 - 5. Calculate n(7).
-5
Let u(d) = d**2 + 10*d + 18. Calculate u(-7).
-3
Let g(y) = -y**3 - 10*y**2 + 3*y + 8. Calculate g(-11).
96
Let x(y) = -2*y**2 - 13*y. Determine x(-9).
-45
Let w(y) = -y**3 - 7*y**2 - y + 14. Give w(-6).
-16
Let s(j) = j + 2. Give s(-12).
-10
Let j(b) = 5*b**2 + 7*b - 6. Calculate j(-3).
18
Let f(k) = k**3 - k**2 - 31*k - 9. What is f(-5)?
-4
Let l(b) = -19*b - 234. What is l(-12)?
-6
Let s(y) = -37*y - 244. Give s(-7).
15
Let p(w) = 3*w**2 - w - 6. Give p(-2).
8
Let y(b) = -2*b - 9. Give y(8).
-25
Let v(c) = 12*c - 32. Determine v(9).
76
Let g(n) = 6*n**3 - 1. Give g(-1).
-7
Let s(u) = -3*u**2 - 6*u. What is s(-5)?
-45
Let u(h) = -20*h + 1. What is u(1)?
-19
Let l(b) = -b**3 - 24*b**2 + 27*b + 45. Calculate l(-25).
-5
Let h(f) = -f**2 + 11*f + 19. Calculate h(10).
29
Let o(c) = 13*c + 6. Determine o(-2).
-20
Let t(a) = a**3 + a**2 - 7*a - 6. Determine t(-5).
-71
Let g(a) = -3*a - 63. Give g(-23).
6
Let n(l) = -l**2 - 6*l - 9. Calculate n(-4).
-1
Let c(l) = -l**3 + 18*l**2 + 23*l + 20. Determine c(19).
96
Let n(f) = 6*f + 120. Calculate n(-19).
6
Let w(c) = c**3 - 5*c**2 + c + 14. What is w(5)?
19
Let l(n) = -n**2 + 12*n - 18. What is l(9)?
9
Let h(y) = -6*y**2 + 5*y - 9. Determine h(4).
-85
Let y(p) = p**3 + 22*p**2 - 21*p + 40. Determine y(-23).
-6
Let f(r) = r**2 + 7*r - 21. Calculate f(-11).
23
Let v(u) = -10*u - 1. Calculate v(1).
-11
Let w(b) = b**3 - 14*b**2 + 2*b - 12. Give w(14).
16
Let x(o) = o**3 - 31*o**2 - 30*o - 40. What is x(32)?
24
Let y(n) = -n**3 - 9*n**2 - 6*n + 15. Give y(-8).
-1
Let d(k) = k**3 - 6*k**2 - k - 6. Give d(5).
-36
Let p(u) = 14*u + 9. What is p(-6)?
-75
Let p(t) = 5*t - 66. Determine p(10).
-16
Let i(p) = -p**2 - 9*p - 1. What is i(-9)?
-1
Let f(w) = 31*w - 1. Give f(-1).
-32
Let y(z) = -2*z**3 - 11*z**2 - 31*z - 126. Give y(-5).
4
Let d(k) = -3*k**2 - 128*k - 91. What is d(-42)?
-7
Let u(j) = 28*j. Determine u(-1).
-28
Let d(c) = c**3 - 3*c**2 + 2*c - 1. What is d(2)?
-1
Let y(z) = z**3 - 4*z**2 + 2*z - 1. What is y(3)?
-4
Let u(t) = 67*t - 3. Give u(-1).
-70
Let k(r) = -24*r - 1. What is k(-1)?
23
Let v(n) = n**2 + 14*n + 40. Calculate v(-5).
-5
Let a(l) = -l + 8. Give a(8).
0
Let h(g) = -g**3 - 14*g**2 - 24*g - 8. Calculate h(-12).
-8
Let v(g) = -87*g - 516. Determine v(-6).
6
Let g(y) = y**3 + 2*y**2 + y - 14. What is g(0)?
-14
Let c(o) = -o**3 + 7*o**2 + o - 6. What is c(5)?
49
Let r(n) = -n**2 - 9*n - 5. Determine r(-9).
-5
Let h(n) = n + 7. What is h(14)?
21
Let w(p) = -p**2 - 5*p + 14. What is w(0)?
14
Let c(v) = -v**3 + 11*v**2 - 12*v - 4. What is c(10)?
-24
Let o(y) = y**2 + 19*y + 56. What is o(-13)?
-22
Let w(o) = 33*o**2 - 1057*o + 25. Determine w(32).
-7
Let w(b) = b**3 - 11*b**2 + 22*b + 13. Calculate w(9).
49
Let b(i) = i**3 + 26*i**2 + 28*i + 58. Give b(-25).
-17
Let l(x) = 41*x. What is l(-1)?
-41
Let j(k) = -k**2 + 18*k - 71. Give j(10).
9
Let a(f) = 2*f + 52. Determine a(18).
88
Let w(k) = k**3 + 26*k**2 + 28*k + 68. Give w(-25).
-7
Let h(q) = -4*q + 40. What is h(0)?
40
Let j(m) = -m**3 + 8*m**2 + 4*m - 31. What is j(8)?
1
Let w(a) = -5*a**2 + 4*a - 7. What is w(5)?
-112
Let z(q) = q**3 - 5*q**2 - 2. Give z(5).
-2
Let p(s) = s**2 + 4*s + 8. Determine p(0).
8
Let g(l) = -3*l**3 + 2*l**2 - 3*l + 3. Calculate g(2).
-19
Let c(z) = z**3 - 3*z**2 - z + 4. What is c(2)?
-2
Let s(r) = -56*r + 2404. Determine s(43).
-4
Let c(q) = -19*q - 24. Give c(-2).
14
Let x(q) = q**2 - 3*q. Calculate x(1).
-2
Let p(j) = 22*j - 108. Determine p(5).
2
Let m(j) = -2*j + 5. What is m(13)?
-21
Let l(f) = -3*f + 85. Determine l(26).
7
Let u(r) = r + 2. Calculate u(0).
2
Let i(j) = -28*j + 297. Calculate i(11).
-11
Let h(q) = -q - 24. Calculate h(-23).
-1
Let i(y) = y**3 + 22*y**2 - 46*y + 41. Determine i(-24).
-7
Let g(u) = u**3 - 8*u**2 - 5*u - 5. Calculate g(9).
31
Let o(u) = 22*u**2 - 3*u. Calculate o(1).
19
Let r(y) = 7*y + 325. What is r(-46)?
3
Let q(c) = 2*c**2 - 9*c - 10. Calculate q(7).
25
Let i(b) = 3*b + 5. Give i(-4).
-7
Let m(u) = -2*u**2 + 19*u - 19. Give m(10).
-29
Let l(v) = 2*v**3 - 2*v**2 - 11*v - 3. Give l(-2).
-5
Let c(x) = -2*x + 6. Give c(2).
2
Let d(o) = o**2 + 11*o + 25. Determine d(-4).
-3
Let b(r) = -10*r - 23. Give b(-1)